{"id":8,"date":"2017-12-07T17:06:47","date_gmt":"2017-12-07T16:06:47","guid":{"rendered":"http:\/\/lafermedortalissa.fr\/?page_id=8"},"modified":"2026-01-09T18:29:01","modified_gmt":"2026-01-09T17:29:01","slug":"contact","status":"publish","type":"page","link":"https:\/\/lafermedortalissa.fr\/index.php\/contact\/","title":{"rendered":"Nous joindre"},"content":{"rendered":"<p><iframe loading=\"lazy\" src=\"https:\/\/www.google.com\/maps\/d\/u\/1\/embed?mid=16HpJ8uZSwzEedcPxf-_O0Q5BkhgA_Plp\" width=\"500\" height=\"480\"><\/iframe><\/p>\n<div class=\"space_20 clearfix\"><\/div>\n<p>La ferme d&rsquo;Ortalissa<\/p>\n<p>145 Chemin de Gassion<\/p>\n<p>33730 Uzeste<\/p>\n<p>Attention : le chemin de Gassion est \u00e0 sens unique. Au carrefour de la coll\u00e9giale d&rsquo;Uzeste, prendre direction Bazas et tourner \u00e0 droite apr\u00e8s le r\u00e9tr\u00e9cissement de la voie. La ferme est \u00e0 100 m\u00e8tres sur le chemin forestier qui tourne \u00e0 gauche. Des panneaux avec le logo de la ferme indiquent le chemin \u00e0 prendre.<\/p>\n<p>Si vous souhaitez vous inscrire \u00e0 une visite ou un atelier, faire un stage chez nous ou avoir plus de renseignement, merci de compl\u00e9ter le formulaire ci-contre.<\/p>\n","protected":false},"excerpt":{"rendered":"<p>La ferme d&rsquo;Ortalissa 145 Chemin de Gassion 33730 Uzeste Attention : le chemin de Gassion est \u00e0 sens unique. Au carrefour de la coll\u00e9giale d&rsquo;Uzeste, prendre direction Bazas et tourner \u00e0 droite apr\u00e8s le r\u00e9tr\u00e9cissement de la voie. La ferme &hellip; <a href=\"https:\/\/lafermedortalissa.fr\/index.php\/contact\/\">Lire la suite\u00ad\u00ad<\/a><\/p>\n","protected":false},"author":1,"featured_media":0,"parent":0,"menu_order":0,"comment_status":"closed","ping_status":"closed","template":"page-contact.php","meta":{"_exactmetrics_skip_tracking":false,"_exactmetrics_sitenote_active":false,"_exactmetrics_sitenote_note":"","_exactmetrics_sitenote_category":0,"footnotes":""},"class_list":["post-8","page","type-page","status-publish","hentry"],"_links":{"self":[{"href":"https:\/\/lafermedortalissa.fr\/index.php\/wp-json\/wp\/v2\/pages\/8","targetHints":{"allow":["GET"]}}],"collection":[{"href":"https:\/\/lafermedortalissa.fr\/index.php\/wp-json\/wp\/v2\/pages"}],"about":[{"href":"https:\/\/lafermedortalissa.fr\/index.php\/wp-json\/wp\/v2\/types\/page"}],"author":[{"embeddable":true,"href":"https:\/\/lafermedortalissa.fr\/index.php\/wp-json\/wp\/v2\/users\/1"}],"replies":[{"embeddable":true,"href":"https:\/\/lafermedortalissa.fr\/index.php\/wp-json\/wp\/v2\/comments?post=8"}],"version-history":[{"count":14,"href":"https:\/\/lafermedortalissa.fr\/index.php\/wp-json\/wp\/v2\/pages\/8\/revisions"}],"predecessor-version":[{"id":1486,"href":"https:\/\/lafermedortalissa.fr\/index.php\/wp-json\/wp\/v2\/pages\/8\/revisions\/1486"}],"wp:attachment":[{"href":"https:\/\/lafermedortalissa.fr\/index.php\/wp-json\/wp\/v2\/media?parent=8"}],"curies":[{"name":"wp","href":"https:\/\/api.w.org\/{rel}","templated":true}]}}

<p><iframe loading="lazy" src="https://www.google.com/maps/d/u/1/embed?mid=16HpJ8uZSwzEedcPxf-_O0Q5BkhgA_Plp" width="500" height="480"></iframe></p>
<div class="space_20 clearfix"></div>
<p>La ferme d&rsquo;Ortalissa</p>
<p>145 Chemin de Gassion</p>
<p>33730 Uzeste</p>
<p>Attention : le chemin de Gassion est à sens unique. Au carrefour de la collégiale d&rsquo;Uzeste, prendre direction Bazas et tourner à droite après le rétrécissement de la voie. La ferme est à 100 mètres sur le chemin forestier qui tourne à gauche. Des panneaux avec le logo de la ferme indiquent le chemin à prendre.</p>
<p>Si vous souhaitez vous inscrire à une visite ou un atelier, faire un stage chez nous ou avoir plus de renseignement, merci de compléter le formulaire ci-contre.</p>

<p>La ferme d&rsquo;Ortalissa 145 Chemin de Gassion 33730 Uzeste Attention : le chemin de Gassion est à sens unique. Au carrefour de la collégiale d&rsquo;Uzeste, prendre direction Bazas et tourner à droite après le rétrécissement de la voie. La ferme &hellip; <a href="https://lafermedortalissa.fr/index.php/contact/">Lire la suite­­</a></p>
