{"id":4,"date":"2017-12-07T16:59:21","date_gmt":"2017-12-07T15:59:21","guid":{"rendered":"http:\/\/lafermedortalissa.fr\/?page_id=4"},"modified":"2026-01-09T16:04:42","modified_gmt":"2026-01-09T15:04:42","slug":"qui-sommes-nous","status":"publish","type":"page","link":"https:\/\/lafermedortalissa.fr\/index.php\/qui-sommes-nous\/","title":{"rendered":"Qui sommes-nous?"},"content":{"rendered":"<p><img loading=\"lazy\" decoding=\"async\" class=\"alignleft wp-image-58 size-medium\" src=\"http:\/\/lafermedortalissa.fr\/wp-content\/uploads\/2017\/12\/lou-et-dorian-bis-300x300.jpg\" alt=\"Lou et Dorian de la ferme d'Ortalissa\" width=\"300\" height=\"300\" srcset=\"https:\/\/lafermedortalissa.fr\/wp-content\/uploads\/2017\/12\/lou-et-dorian-bis-300x300.jpg 300w, https:\/\/lafermedortalissa.fr\/wp-content\/uploads\/2017\/12\/lou-et-dorian-bis-150x150.jpg 150w, https:\/\/lafermedortalissa.fr\/wp-content\/uploads\/2017\/12\/lou-et-dorian-bis-768x768.jpg 768w, https:\/\/lafermedortalissa.fr\/wp-content\/uploads\/2017\/12\/lou-et-dorian-bis-1024x1024.jpg 1024w, https:\/\/lafermedortalissa.fr\/wp-content\/uploads\/2017\/12\/lou-et-dorian-bis.jpg 1200w\" sizes=\"auto, (max-width: 300px) 100vw, 300px\" \/><\/p>\n<h2>Du r\u00eave \u00e0 la r\u00e9alit\u00e9<\/h2>\n<p align=\"JUSTIFY\">C&rsquo;est en 2014 que l&rsquo;envie de cr\u00e9er notre ferme est n\u00e9e. Lou travaillait alors dans l&rsquo;environnement et Dorian dans la m\u00e9talurgie. Nous avons donc d\u00e9cid\u00e9 de changer compl\u00e8tement nos vies pour nous lancer dans une aventure atypique inspir\u00e9e de la permaculture. Nous partions alors de z\u00e9ro : pas d&rsquo;exp\u00e9rience du m\u00e9tier, pas de terrain pour cultiver, peu de moyen mais la volont\u00e9 de r\u00e9aliser notre r\u00eave !<\/p>\n<p align=\"JUSTIFY\">Durant trois ann\u00e9es, nous nous sommes test\u00e9s au sein de l&rsquo;association des jardins vivants des Gaillards\u00a0sur une pin\u00e8de au milieu des landes de Gascogne. Malgr\u00e9 le sol pauvre et les \u00e9t\u00e9s tr\u00e8s chauds et secs, nous avons \u00e9norm\u00e9ment appris. En 2017, nous avons pris notre envol et cr\u00e9\u00e9 la ferme d&rsquo;Ortalissa \u00e0 Uzeste dans le Sud Gironde (\u00e0 15 minutes de Langon).<\/p>\n<div class=\"space_20 clearfix\"><\/div>\n<h2 align=\"JUSTIFY\">Pourquoi Ortalissa?<\/h2>\n<p align=\"JUSTIFY\">Ortalissa est un mot occitan qu\u2019il faut prononcer \u00ab OURTALISse \u00bb : <strong>O<\/strong> se prononce \u00ab ou \u00bb et <strong>A<\/strong>, quand il est en fin de mot, est atone.<br \/>En gascon, dialecte de l\u2019occitan parl\u00e9 \u00e0 Uzeste, le mot le plus r\u00e9pandu pour \u00ab jardin potager \u00bb est casau (qu\u2019il faut prononcer \u00ab CASAou \u00bb : la diphtongue <strong>AU<\/strong> se prononce \u00ab aou \u00bb sachant que le \u00ab ou \u00bb est presque atone).<br \/>Mais le mot \u00f2rt (prononcer ORT) existe aussi pour parler du \u00ab jardin potager \u00bb ou d\u2019un \u00ab terrain clos cultiv\u00e9 \u00bb. C\u2019est un mot vieilli, tr\u00e8s peu utilis\u00e9 en gascon, mais tr\u00e8s pr\u00e9sent dans les autres dialectes occitans. Il est \u00e0 l\u2019origine du mot f\u00e9minin <strong>ortalissa<\/strong> signifiant \u00ab jardinage \u00bb, \u00ab l\u00e9gumes \u00bb ou encore \u00ab produits du jardinage \u00bb<\/p>\n<div class=\"space_20 clearfix\"><\/div>\n<p><img loading=\"lazy\" decoding=\"async\" class=\"alignright wp-image-60 size-medium\" src=\"http:\/\/lafermedortalissa.fr\/wp-content\/uploads\/2017\/12\/champs-l\u00e9gumes-bio1-300x300.jpg\" alt=\"Parcelle de l\u00e9gumes sur la ferme d'Ortalissa\" width=\"300\" height=\"300\" srcset=\"https:\/\/lafermedortalissa.fr\/wp-content\/uploads\/2017\/12\/champs-l\u00e9gumes-bio1-300x300.jpg 300w, https:\/\/lafermedortalissa.fr\/wp-content\/uploads\/2017\/12\/champs-l\u00e9gumes-bio1-150x150.jpg 150w, https:\/\/lafermedortalissa.fr\/wp-content\/uploads\/2017\/12\/champs-l\u00e9gumes-bio1-768x768.jpg 768w, https:\/\/lafermedortalissa.fr\/wp-content\/uploads\/2017\/12\/champs-l\u00e9gumes-bio1-1024x1024.jpg 1024w, https:\/\/lafermedortalissa.fr\/wp-content\/uploads\/2017\/12\/champs-l\u00e9gumes-bio1.jpg 1200w\" sizes=\"auto, (max-width: 300px) 100vw, 300px\" \/><\/p>\n<h2 align=\"JUSTIFY\">Une ferme bio \u00e0 \u00e9chelle humaine<\/h2>\n<p align=\"JUSTIFY\">Nous sommes une ferme familiale 100% en agriculture biologique depuis le d\u00e9but. Pendant 10 ans nous avons cultiv\u00e9 une trentaine de l\u00e9gumes de saison et des fruits rouges. Puis au fur et \u00e0 mesure, nous nous sommes sp\u00e9cialis\u00e9s en p\u00e9pini\u00e8re de plants, toujours bio !<\/p>\n<p align=\"JUSTIFY\">Nos valeurs ont toujours \u00e9t\u00e9 les m\u00eames : proposer des produits de qualit\u00e9, cultiver des vari\u00e9t\u00e9s paysannes et reproductibles et respecter la vie du sol. Il n&rsquo;est pas rare que vous trouviez un ver de terre dans nos pots ! C&rsquo;est que notre compost est bien vivant !<\/p>\n<p align=\"JUSTIFY\">Pour en savoir plus sur les plants que nous proposons \u00e0 la p\u00e9pini\u00e8re : <a href=\"https:\/\/lafermedortalissa.fr\/index.php\/la-pepiniere-et-les-rencontres-2\/\"><span style=\"text-decoration: underline;\"><span style=\"color: #008000; text-decoration: underline;\">La p\u00e9pini\u00e8re<\/span><\/span><\/a><\/p>\n<p align=\"JUSTIFY\">Et pour en voir plus sur la ferme : <span style=\"text-decoration: underline;\"><span style=\"color: #008000;\"><a style=\"color: #008000; text-decoration: underline;\" href=\"https:\/\/lafermedortalissa.fr\/index.php\/la-ferme-en-images\/\">La ferme en images<\/a><\/span><\/span><\/p>\n\n\n<p><\/p>\n","protected":false},"excerpt":{"rendered":"<p>Du r\u00eave \u00e0 la r\u00e9alit\u00e9 C&rsquo;est en 2014 que l&rsquo;envie de cr\u00e9er notre ferme est n\u00e9e. Lou travaillait alors dans l&rsquo;environnement et Dorian dans la m\u00e9talurgie. Nous avons donc d\u00e9cid\u00e9 de changer compl\u00e8tement nos vies pour nous lancer dans une &hellip; <a href=\"https:\/\/lafermedortalissa.fr\/index.php\/qui-sommes-nous\/\">Lire la suite\u00ad\u00ad<\/a><\/p>\n","protected":false},"author":1,"featured_media":0,"parent":0,"menu_order":0,"comment_status":"closed","ping_status":"closed","template":"page-fullwidth.php","meta":{"_exactmetrics_skip_tracking":false,"_exactmetrics_sitenote_active":false,"_exactmetrics_sitenote_note":"","_exactmetrics_sitenote_category":0,"footnotes":""},"class_list":["post-4","page","type-page","status-publish","hentry"],"_links":{"self":[{"href":"https:\/\/lafermedortalissa.fr\/index.php\/wp-json\/wp\/v2\/pages\/4","targetHints":{"allow":["GET"]}}],"collection":[{"href":"https:\/\/lafermedortalissa.fr\/index.php\/wp-json\/wp\/v2\/pages"}],"about":[{"href":"https:\/\/lafermedortalissa.fr\/index.php\/wp-json\/wp\/v2\/types\/page"}],"author":[{"embeddable":true,"href":"https:\/\/lafermedortalissa.fr\/index.php\/wp-json\/wp\/v2\/users\/1"}],"replies":[{"embeddable":true,"href":"https:\/\/lafermedortalissa.fr\/index.php\/wp-json\/wp\/v2\/comments?post=4"}],"version-history":[{"count":35,"href":"https:\/\/lafermedortalissa.fr\/index.php\/wp-json\/wp\/v2\/pages\/4\/revisions"}],"predecessor-version":[{"id":1460,"href":"https:\/\/lafermedortalissa.fr\/index.php\/wp-json\/wp\/v2\/pages\/4\/revisions\/1460"}],"wp:attachment":[{"href":"https:\/\/lafermedortalissa.fr\/index.php\/wp-json\/wp\/v2\/media?parent=4"}],"curies":[{"name":"wp","href":"https:\/\/api.w.org\/{rel}","templated":true}]}}

<p><img loading="lazy" decoding="async" class="alignleft wp-image-58 size-medium" src="http://lafermedortalissa.fr/wp-content/uploads/2017/12/lou-et-dorian-bis-300x300.jpg" alt="Lou et Dorian de la ferme d'Ortalissa" width="300" height="300" srcset="https://lafermedortalissa.fr/wp-content/uploads/2017/12/lou-et-dorian-bis-300x300.jpg 300w, https://lafermedortalissa.fr/wp-content/uploads/2017/12/lou-et-dorian-bis-150x150.jpg 150w, https://lafermedortalissa.fr/wp-content/uploads/2017/12/lou-et-dorian-bis-768x768.jpg 768w, https://lafermedortalissa.fr/wp-content/uploads/2017/12/lou-et-dorian-bis-1024x1024.jpg 1024w, https://lafermedortalissa.fr/wp-content/uploads/2017/12/lou-et-dorian-bis.jpg 1200w" sizes="auto, (max-width: 300px) 100vw, 300px" /></p>
<h2>Du rêve à la réalité</h2>
<p align="JUSTIFY">C&rsquo;est en 2014 que l&rsquo;envie de créer notre ferme est née. Lou travaillait alors dans l&rsquo;environnement et Dorian dans la métalurgie. Nous avons donc décidé de changer complètement nos vies pour nous lancer dans une aventure atypique inspirée de la permaculture. Nous partions alors de zéro : pas d&rsquo;expérience du métier, pas de terrain pour cultiver, peu de moyen mais la volonté de réaliser notre rêve !</p>
<p align="JUSTIFY">Durant trois années, nous nous sommes testés au sein de l&rsquo;association des jardins vivants des Gaillards sur une pinède au milieu des landes de Gascogne. Malgré le sol pauvre et les étés très chauds et secs, nous avons énormément appris. En 2017, nous avons pris notre envol et créé la ferme d&rsquo;Ortalissa à Uzeste dans le Sud Gironde (à 15 minutes de Langon).</p>
<div class="space_20 clearfix"></div>
<h2 align="JUSTIFY">Pourquoi Ortalissa?</h2>
<p align="JUSTIFY">Ortalissa est un mot occitan qu’il faut prononcer « OURTALISse » : <strong>O</strong> se prononce « ou » et <strong>A</strong>, quand il est en fin de mot, est atone.<br />En gascon, dialecte de l’occitan parlé à Uzeste, le mot le plus répandu pour « jardin potager » est casau (qu’il faut prononcer « CASAou » : la diphtongue <strong>AU</strong> se prononce « aou » sachant que le « ou » est presque atone).<br />Mais le mot òrt (prononcer ORT) existe aussi pour parler du « jardin potager » ou d’un « terrain clos cultivé ». C’est un mot vieilli, très peu utilisé en gascon, mais très présent dans les autres dialectes occitans. Il est à l’origine du mot féminin <strong>ortalissa</strong> signifiant « jardinage », « légumes » ou encore « produits du jardinage »</p>
<div class="space_20 clearfix"></div>
<p><img loading="lazy" decoding="async" class="alignright wp-image-60 size-medium" src="http://lafermedortalissa.fr/wp-content/uploads/2017/12/champs-légumes-bio1-300x300.jpg" alt="Parcelle de légumes sur la ferme d'Ortalissa" width="300" height="300" srcset="https://lafermedortalissa.fr/wp-content/uploads/2017/12/champs-légumes-bio1-300x300.jpg 300w, https://lafermedortalissa.fr/wp-content/uploads/2017/12/champs-légumes-bio1-150x150.jpg 150w, https://lafermedortalissa.fr/wp-content/uploads/2017/12/champs-légumes-bio1-768x768.jpg 768w, https://lafermedortalissa.fr/wp-content/uploads/2017/12/champs-légumes-bio1-1024x1024.jpg 1024w, https://lafermedortalissa.fr/wp-content/uploads/2017/12/champs-légumes-bio1.jpg 1200w" sizes="auto, (max-width: 300px) 100vw, 300px" /></p>
<h2 align="JUSTIFY">Une ferme bio à échelle humaine</h2>
<p align="JUSTIFY">Nous sommes une ferme familiale 100% en agriculture biologique depuis le début. Pendant 10 ans nous avons cultivé une trentaine de légumes de saison et des fruits rouges. Puis au fur et à mesure, nous nous sommes spécialisés en pépinière de plants, toujours bio !</p>
<p align="JUSTIFY">Nos valeurs ont toujours été les mêmes : proposer des produits de qualité, cultiver des variétés paysannes et reproductibles et respecter la vie du sol. Il n&rsquo;est pas rare que vous trouviez un ver de terre dans nos pots ! C&rsquo;est que notre compost est bien vivant !</p>
<p align="JUSTIFY">Pour en savoir plus sur les plants que nous proposons à la pépinière : <a href="https://lafermedortalissa.fr/index.php/la-pepiniere-et-les-rencontres-2/"><span style="text-decoration: underline;"><span style="color: #008000; text-decoration: underline;">La pépinière</span></span></a></p>
<p align="JUSTIFY">Et pour en voir plus sur la ferme : <span style="text-decoration: underline;"><span style="color: #008000;"><a style="color: #008000; text-decoration: underline;" href="https://lafermedortalissa.fr/index.php/la-ferme-en-images/">La ferme en images</a></span></span></p>


<p></p>

<p>Du rêve à la réalité C&rsquo;est en 2014 que l&rsquo;envie de créer notre ferme est née. Lou travaillait alors dans l&rsquo;environnement et Dorian dans la métalurgie. Nous avons donc décidé de changer complètement nos vies pour nous lancer dans une &hellip; <a href="https://lafermedortalissa.fr/index.php/qui-sommes-nous/">Lire la suite­­</a></p>
