{"id":18,"date":"2017-12-07T17:18:34","date_gmt":"2017-12-07T16:18:34","guid":{"rendered":"http:\/\/lafermedortalissa.fr\/?page_id=18"},"modified":"2025-04-21T23:48:56","modified_gmt":"2025-04-21T21:48:56","slug":"nos-produits","status":"publish","type":"page","link":"https:\/\/lafermedortalissa.fr\/index.php\/nos-produits\/","title":{"rendered":"Fruits et l\u00e9gumes"},"content":{"rendered":"<div class=\"row\"> <div class=\"col-md-3\">\n<p><img loading=\"lazy\" decoding=\"async\" class=\"aligncenter size-medium wp-image-66\" src=\"http:\/\/lafermedortalissa.fr\/wp-content\/uploads\/2017\/12\/100_2302-225x300.jpg\" alt=\"Carottes fanes ferme d'Ortalissa\" width=\"225\" height=\"300\" srcset=\"https:\/\/lafermedortalissa.fr\/wp-content\/uploads\/2017\/12\/100_2302-225x300.jpg 225w, https:\/\/lafermedortalissa.fr\/wp-content\/uploads\/2017\/12\/100_2302-768x1024.jpg 768w, https:\/\/lafermedortalissa.fr\/wp-content\/uploads\/2017\/12\/100_2302.jpg 1932w\" sizes=\"auto, (max-width: 225px) 100vw, 225px\" \/><\/p>\n<\/div><div class=\"col-md-3\">\n<p><img loading=\"lazy\" decoding=\"async\" class=\"aligncenter size-medium wp-image-83\" src=\"http:\/\/lafermedortalissa.fr\/wp-content\/uploads\/2017\/12\/tomates-cerises-225x300.jpg\" alt=\"tomates ferme d'Ortalissa\" width=\"225\" height=\"300\" srcset=\"https:\/\/lafermedortalissa.fr\/wp-content\/uploads\/2017\/12\/tomates-cerises-225x300.jpg 225w, https:\/\/lafermedortalissa.fr\/wp-content\/uploads\/2017\/12\/tomates-cerises-768x1024.jpg 768w, https:\/\/lafermedortalissa.fr\/wp-content\/uploads\/2017\/12\/tomates-cerises.jpg 1550w\" sizes=\"auto, (max-width: 225px) 100vw, 225px\" \/><\/p>\n<\/div><div class=\"col-md-3\">\n<p><img loading=\"lazy\" decoding=\"async\" class=\"aligncenter size-medium wp-image-76\" src=\"http:\/\/lafermedortalissa.fr\/wp-content\/uploads\/2017\/12\/oignon-nouveau-225x300.jpg\" alt=\"Oignons nouveaux ferme d'Ortalissa\" width=\"225\" height=\"300\" srcset=\"https:\/\/lafermedortalissa.fr\/wp-content\/uploads\/2017\/12\/oignon-nouveau-225x300.jpg 225w, https:\/\/lafermedortalissa.fr\/wp-content\/uploads\/2017\/12\/oignon-nouveau-768x1024.jpg 768w, https:\/\/lafermedortalissa.fr\/wp-content\/uploads\/2017\/12\/oignon-nouveau.jpg 1932w\" sizes=\"auto, (max-width: 225px) 100vw, 225px\" \/><\/p>\n<\/div><div class=\"col-md-3\">\n<p><img loading=\"lazy\" decoding=\"async\" class=\"aligncenter size-medium wp-image-73\" src=\"http:\/\/lafermedortalissa.fr\/wp-content\/uploads\/2017\/12\/100_2293-225x300.jpg\" alt=\"Fraises ferme d'Ortalissa\" width=\"225\" height=\"300\" srcset=\"https:\/\/lafermedortalissa.fr\/wp-content\/uploads\/2017\/12\/100_2293-225x300.jpg 225w, https:\/\/lafermedortalissa.fr\/wp-content\/uploads\/2017\/12\/100_2293-768x1024.jpg 768w, https:\/\/lafermedortalissa.fr\/wp-content\/uploads\/2017\/12\/100_2293.jpg 1932w\" sizes=\"auto, (max-width: 225px) 100vw, 225px\" \/><\/p>\n<\/div><\/div>\n<div>\u00a0<\/div>\n<h1 style=\"text-align: center;\">A partir du 28 mars<\/h1>\n<h1 style=\"text-align: center;\"><span style=\"color: #41690d;\"><strong>\u00e9tal de l\u00e9gumes \u00e0 la ferme \u00e0 Uzeste<\/strong><\/span><\/h1>\n<h1 style=\"text-align: center;\"><span style=\"color: #41690d;\"><strong>tous les vendredis et samedis<\/strong><\/span><\/h1>\n<h1 style=\"text-align: center;\"><span style=\"color: #41690d;\"><strong>toute la journ\u00e9e de 9h \u00e0 18h<\/strong><\/span><\/h1>\n<h1 style=\"text-align: center;\"><span style=\"color: #41690d; font-size: 18pt;\"><strong>Pour information, les quantit\u00e9s de l\u00e9gumes sont limit\u00e9es <\/strong><\/span><\/h1>\n<h1 style=\"text-align: center;\"><span style=\"color: #41690d; font-size: 18pt;\"><strong>et il est possible que l&rsquo;\u00e9tal soit moins fourni le samedi<\/strong><\/span><\/h1>\n<h1 style=\"text-align: center;\"><span style=\"color: #ff9900;\"><strong>Nos l\u00e9gumes de printemps\u00a0<\/strong><\/span><\/h1>\n<p style=\"text-align: center;\"><span style=\"font-size: 14pt;\">Carottes nouvelles, radis croquants de toutes sortes, aillets, oignons nouveaux,<br \/><\/span><\/p>\n<p style=\"text-align: center;\"><span style=\"font-size: 14pt;\">Salades, roquette, chou chinois, pomme de terre nouvelle, mini blettes,\u00a0<\/span><\/p>\n<p style=\"text-align: center;\"><span style=\"font-size: 14pt;\">Pois gourmands, petits pois, f\u00e8ves, fenouil, chou-rave, chou blanc,<br \/><\/span><\/p>\n<p style=\"text-align: center;\"><span style=\"font-size: 14pt;\">P<\/span><span style=\"font-size: 14pt;\">ersil, moutarde japonaise,<\/span><\/p>\n<p style=\"text-align: center;\"><span style=\"font-size: 14pt;\">Rhubarbe, pommes, cassis, fraises<\/span><\/p>\n<p align=\"CENTER\"><strong>L<\/strong><strong>a ferme d&rsquo;Ortalissa au 8 bis chemin de Gassion 33730 Uzeste <br \/><\/strong><\/p>\n<p align=\"CENTER\">Attention, le chemin de Gassion est \u00e0 sens unique : pour venir, il faut prendre la route de Bazas et tourner \u00e0 droite 50m apr\u00e8s.<\/p>\n<p><img loading=\"lazy\" decoding=\"async\" class=\"aligncenter size-medium wp-image-240\" src=\"http:\/\/lafermedortalissa.fr\/wp-content\/uploads\/2018\/01\/pois-en-fleur-300x300.jpg\" alt=\"petit pois en fleur\" width=\"300\" height=\"300\" \/><\/p>\n<p style=\"text-align: left;\" align=\"CENTER\">NB: Nous ne proposons plus de paniers de l\u00e9gumes (ni sur cagette.net, ni en panier abonnement). Tout est en vente \u00e0 l&rsquo;\u00e9tal \u00e0 la ferme.<\/p>\n<p style=\"text-align: left;\" align=\"CENTER\">Tenez-vous inform\u00e9 en vous inscrivant \u00e0 notre lettre d\u2019information (tout en bas de la page de notre site internet).<\/p>\n<p style=\"text-align: center;\">Pas de r\u00e8glement par carte bancaire. Ch\u00e8que ou esp\u00e8ce uniquement.<\/p>\n<div><img loading=\"lazy\" decoding=\"async\" class=\"aligncenter size-full wp-image-1134\" src=\"http:\/\/lafermedortalissa.fr\/wp-content\/uploads\/2023\/06\/cb.jpg\" alt=\"\" width=\"261\" height=\"193\" \/><\/div>\n<h2>\u00a0<\/h2>\n<h2 style=\"text-align: center;\"><strong><span style=\"font-size: 30pt;\">Les plants bio de la ferme<br \/><\/span><\/strong><\/h2>\n<p style=\"text-align: center;\"><span style=\"font-size: 14pt;\">Nous proposons \u00e9galement un tr\u00e8s grand choix de plants de l\u00e9gumes, <\/span><\/p>\n<p style=\"text-align: center;\"><span style=\"font-size: 14pt;\">aromatiques, <\/span><span style=\"font-size: 14pt;\">fleurs, ornementales et petits fruits rouge. <\/span><\/p>\n<p style=\"text-align: center;\"><strong><span style=\"color: #008000;\"><a style=\"color: #008000;\" href=\"http:\/\/lafermedortalissa.fr\/index.php\/la-pepiniere-et-les-rencontres-2\/\">Pour la p\u00e9pini\u00e8re cliquez-ici<\/a><\/span><\/strong><\/p>\n<p style=\"text-align: center;\"><span style=\"font-size: 14pt;\">Ainsi que des visites de la ferme et ateliers sur le jardinage.<br \/><\/span><\/p>\n<p style=\"text-align: center;\"><a href=\"http:\/\/lafermedortalissa.fr\/index.php\/les-rencontres\/\"><strong><span style=\"color: #008000;\">Pour les rencontres, cliquez ici<\/span><\/strong><\/a><\/p>\n<div class=\"row\"> <div class=\"col-md-3\">\n<p><img loading=\"lazy\" decoding=\"async\" class=\"aligncenter size-medium wp-image-181\" src=\"http:\/\/lafermedortalissa.fr\/wp-content\/uploads\/2017\/12\/100_2347-225x300.jpg\" alt=\"botte de rhubarbe\" width=\"225\" height=\"300\" srcset=\"https:\/\/lafermedortalissa.fr\/wp-content\/uploads\/2017\/12\/100_2347-225x300.jpg 225w, https:\/\/lafermedortalissa.fr\/wp-content\/uploads\/2017\/12\/100_2347-768x1024.jpg 768w, https:\/\/lafermedortalissa.fr\/wp-content\/uploads\/2017\/12\/100_2347.jpg 1932w\" sizes=\"auto, (max-width: 225px) 100vw, 225px\" \/><\/p>\n<\/div><div class=\"col-md-3\">\n<p><img loading=\"lazy\" decoding=\"async\" class=\"aligncenter size-medium wp-image-173\" src=\"http:\/\/lafermedortalissa.fr\/wp-content\/uploads\/2017\/12\/plants-de-framboisiers-225x300.jpg\" alt=\"plants de frmboisiers\" width=\"225\" height=\"300\" srcset=\"https:\/\/lafermedortalissa.fr\/wp-content\/uploads\/2017\/12\/plants-de-framboisiers-225x300.jpg 225w, https:\/\/lafermedortalissa.fr\/wp-content\/uploads\/2017\/12\/plants-de-framboisiers.jpg 450w\" sizes=\"auto, (max-width: 225px) 100vw, 225px\" \/><\/p>\n<\/div><div class=\"col-md-3\">\n<p><img loading=\"lazy\" decoding=\"async\" class=\"aligncenter size-medium wp-image-170\" src=\"http:\/\/lafermedortalissa.fr\/wp-content\/uploads\/2017\/12\/fraisiers-plants-225x300.jpg\" alt=\"plants de fraisiers\" width=\"225\" height=\"300\" srcset=\"https:\/\/lafermedortalissa.fr\/wp-content\/uploads\/2017\/12\/fraisiers-plants-225x300.jpg 225w, https:\/\/lafermedortalissa.fr\/wp-content\/uploads\/2017\/12\/fraisiers-plants-768x1024.jpg 768w, https:\/\/lafermedortalissa.fr\/wp-content\/uploads\/2017\/12\/fraisiers-plants.jpg 1404w\" sizes=\"auto, (max-width: 225px) 100vw, 225px\" \/><\/p>\n<\/div><div class=\"col-md-3\">\n<p><img loading=\"lazy\" decoding=\"async\" class=\"aligncenter size-medium wp-image-184\" src=\"http:\/\/lafermedortalissa.fr\/wp-content\/uploads\/2017\/12\/100_2429-225x300.jpg\" alt=\"artichaut\" width=\"225\" height=\"300\" srcset=\"https:\/\/lafermedortalissa.fr\/wp-content\/uploads\/2017\/12\/100_2429-225x300.jpg 225w, https:\/\/lafermedortalissa.fr\/wp-content\/uploads\/2017\/12\/100_2429-768x1024.jpg 768w, https:\/\/lafermedortalissa.fr\/wp-content\/uploads\/2017\/12\/100_2429.jpg 1932w\" sizes=\"auto, (max-width: 225px) 100vw, 225px\" \/><\/p>\n<\/div><\/div>\n<div class=\"hrule clearfix\"><\/div>\n<div>\u00a0<\/div>\n\n\n<p><\/p>\n","protected":false},"excerpt":{"rendered":"<p>\u00a0 A partir du 28 mars \u00e9tal de l\u00e9gumes \u00e0 la ferme \u00e0 Uzeste tous les vendredis et samedis toute la journ\u00e9e de 9h \u00e0 18h Pour information, les quantit\u00e9s de l\u00e9gumes sont limit\u00e9es et il est possible que l&rsquo;\u00e9tal &hellip; <a href=\"https:\/\/lafermedortalissa.fr\/index.php\/nos-produits\/\">Lire la suite\u00ad\u00ad<\/a><\/p>\n","protected":false},"author":1,"featured_media":0,"parent":0,"menu_order":0,"comment_status":"closed","ping_status":"closed","template":"page-fullwidth.php","meta":{"_exactmetrics_skip_tracking":false,"_exactmetrics_sitenote_active":false,"_exactmetrics_sitenote_note":"","_exactmetrics_sitenote_category":0,"footnotes":""},"class_list":["post-18","page","type-page","status-publish","hentry"],"_links":{"self":[{"href":"https:\/\/lafermedortalissa.fr\/index.php\/wp-json\/wp\/v2\/pages\/18","targetHints":{"allow":["GET"]}}],"collection":[{"href":"https:\/\/lafermedortalissa.fr\/index.php\/wp-json\/wp\/v2\/pages"}],"about":[{"href":"https:\/\/lafermedortalissa.fr\/index.php\/wp-json\/wp\/v2\/types\/page"}],"author":[{"embeddable":true,"href":"https:\/\/lafermedortalissa.fr\/index.php\/wp-json\/wp\/v2\/users\/1"}],"replies":[{"embeddable":true,"href":"https:\/\/lafermedortalissa.fr\/index.php\/wp-json\/wp\/v2\/comments?post=18"}],"version-history":[{"count":258,"href":"https:\/\/lafermedortalissa.fr\/index.php\/wp-json\/wp\/v2\/pages\/18\/revisions"}],"predecessor-version":[{"id":1439,"href":"https:\/\/lafermedortalissa.fr\/index.php\/wp-json\/wp\/v2\/pages\/18\/revisions\/1439"}],"wp:attachment":[{"href":"https:\/\/lafermedortalissa.fr\/index.php\/wp-json\/wp\/v2\/media?parent=18"}],"curies":[{"name":"wp","href":"https:\/\/api.w.org\/{rel}","templated":true}]}}

Fruits et légumes

<div class="row"> <div class="col-md-3">
<p><img loading="lazy" decoding="async" class="aligncenter size-medium wp-image-66" src="http://lafermedortalissa.fr/wp-content/uploads/2017/12/100_2302-225x300.jpg" alt="Carottes fanes ferme d'Ortalissa" width="225" height="300" srcset="https://lafermedortalissa.fr/wp-content/uploads/2017/12/100_2302-225x300.jpg 225w, https://lafermedortalissa.fr/wp-content/uploads/2017/12/100_2302-768x1024.jpg 768w, https://lafermedortalissa.fr/wp-content/uploads/2017/12/100_2302.jpg 1932w" sizes="auto, (max-width: 225px) 100vw, 225px" /></p>
</div><div class="col-md-3">
<p><img loading="lazy" decoding="async" class="aligncenter size-medium wp-image-83" src="http://lafermedortalissa.fr/wp-content/uploads/2017/12/tomates-cerises-225x300.jpg" alt="tomates ferme d'Ortalissa" width="225" height="300" srcset="https://lafermedortalissa.fr/wp-content/uploads/2017/12/tomates-cerises-225x300.jpg 225w, https://lafermedortalissa.fr/wp-content/uploads/2017/12/tomates-cerises-768x1024.jpg 768w, https://lafermedortalissa.fr/wp-content/uploads/2017/12/tomates-cerises.jpg 1550w" sizes="auto, (max-width: 225px) 100vw, 225px" /></p>
</div><div class="col-md-3">
<p><img loading="lazy" decoding="async" class="aligncenter size-medium wp-image-76" src="http://lafermedortalissa.fr/wp-content/uploads/2017/12/oignon-nouveau-225x300.jpg" alt="Oignons nouveaux ferme d'Ortalissa" width="225" height="300" srcset="https://lafermedortalissa.fr/wp-content/uploads/2017/12/oignon-nouveau-225x300.jpg 225w, https://lafermedortalissa.fr/wp-content/uploads/2017/12/oignon-nouveau-768x1024.jpg 768w, https://lafermedortalissa.fr/wp-content/uploads/2017/12/oignon-nouveau.jpg 1932w" sizes="auto, (max-width: 225px) 100vw, 225px" /></p>
</div><div class="col-md-3">
<p><img loading="lazy" decoding="async" class="aligncenter size-medium wp-image-73" src="http://lafermedortalissa.fr/wp-content/uploads/2017/12/100_2293-225x300.jpg" alt="Fraises ferme d'Ortalissa" width="225" height="300" srcset="https://lafermedortalissa.fr/wp-content/uploads/2017/12/100_2293-225x300.jpg 225w, https://lafermedortalissa.fr/wp-content/uploads/2017/12/100_2293-768x1024.jpg 768w, https://lafermedortalissa.fr/wp-content/uploads/2017/12/100_2293.jpg 1932w" sizes="auto, (max-width: 225px) 100vw, 225px" /></p>
</div></div>
<div> </div>
<h1 style="text-align: center;">A partir du 28 mars</h1>
<h1 style="text-align: center;"><span style="color: #41690d;"><strong>étal de légumes à la ferme à Uzeste</strong></span></h1>
<h1 style="text-align: center;"><span style="color: #41690d;"><strong>tous les vendredis et samedis</strong></span></h1>
<h1 style="text-align: center;"><span style="color: #41690d;"><strong>toute la journée de 9h à 18h</strong></span></h1>
<h1 style="text-align: center;"><span style="color: #41690d; font-size: 18pt;"><strong>Pour information, les quantités de légumes sont limitées </strong></span></h1>
<h1 style="text-align: center;"><span style="color: #41690d; font-size: 18pt;"><strong>et il est possible que l&rsquo;étal soit moins fourni le samedi</strong></span></h1>
<h1 style="text-align: center;"><span style="color: #ff9900;"><strong>Nos légumes de printemps </strong></span></h1>
<p style="text-align: center;"><span style="font-size: 14pt;">Carottes nouvelles, radis croquants de toutes sortes, aillets, oignons nouveaux,<br /></span></p>
<p style="text-align: center;"><span style="font-size: 14pt;">Salades, roquette, chou chinois, pomme de terre nouvelle, mini blettes, </span></p>
<p style="text-align: center;"><span style="font-size: 14pt;">Pois gourmands, petits pois, fèves, fenouil, chou-rave, chou blanc,<br /></span></p>
<p style="text-align: center;"><span style="font-size: 14pt;">P</span><span style="font-size: 14pt;">ersil, moutarde japonaise,</span></p>
<p style="text-align: center;"><span style="font-size: 14pt;">Rhubarbe, pommes, cassis, fraises</span></p>
<p align="CENTER"><strong>L</strong><strong>a ferme d&rsquo;Ortalissa au 8 bis chemin de Gassion 33730 Uzeste <br /></strong></p>
<p align="CENTER">Attention, le chemin de Gassion est à sens unique : pour venir, il faut prendre la route de Bazas et tourner à droite 50m après.</p>
<p><img loading="lazy" decoding="async" class="aligncenter size-medium wp-image-240" src="http://lafermedortalissa.fr/wp-content/uploads/2018/01/pois-en-fleur-300x300.jpg" alt="petit pois en fleur" width="300" height="300" /></p>
<p style="text-align: left;" align="CENTER">NB: Nous ne proposons plus de paniers de légumes (ni sur cagette.net, ni en panier abonnement). Tout est en vente à l&rsquo;étal à la ferme.</p>
<p style="text-align: left;" align="CENTER">Tenez-vous informé en vous inscrivant à notre lettre d’information (tout en bas de la page de notre site internet).</p>
<p style="text-align: center;">Pas de règlement par carte bancaire. Chèque ou espèce uniquement.</p>
<div><img loading="lazy" decoding="async" class="aligncenter size-full wp-image-1134" src="http://lafermedortalissa.fr/wp-content/uploads/2023/06/cb.jpg" alt="" width="261" height="193" /></div>
<h2> </h2>
<h2 style="text-align: center;"><strong><span style="font-size: 30pt;">Les plants bio de la ferme<br /></span></strong></h2>
<p style="text-align: center;"><span style="font-size: 14pt;">Nous proposons également un très grand choix de plants de légumes, </span></p>
<p style="text-align: center;"><span style="font-size: 14pt;">aromatiques, </span><span style="font-size: 14pt;">fleurs, ornementales et petits fruits rouge. </span></p>
<p style="text-align: center;"><strong><span style="color: #008000;"><a style="color: #008000;" href="http://lafermedortalissa.fr/index.php/la-pepiniere-et-les-rencontres-2/">Pour la pépinière cliquez-ici</a></span></strong></p>
<p style="text-align: center;"><span style="font-size: 14pt;">Ainsi que des visites de la ferme et ateliers sur le jardinage.<br /></span></p>
<p style="text-align: center;"><a href="http://lafermedortalissa.fr/index.php/les-rencontres/"><strong><span style="color: #008000;">Pour les rencontres, cliquez ici</span></strong></a></p>
<div class="row"> <div class="col-md-3">
<p><img loading="lazy" decoding="async" class="aligncenter size-medium wp-image-181" src="http://lafermedortalissa.fr/wp-content/uploads/2017/12/100_2347-225x300.jpg" alt="botte de rhubarbe" width="225" height="300" srcset="https://lafermedortalissa.fr/wp-content/uploads/2017/12/100_2347-225x300.jpg 225w, https://lafermedortalissa.fr/wp-content/uploads/2017/12/100_2347-768x1024.jpg 768w, https://lafermedortalissa.fr/wp-content/uploads/2017/12/100_2347.jpg 1932w" sizes="auto, (max-width: 225px) 100vw, 225px" /></p>
</div><div class="col-md-3">
<p><img loading="lazy" decoding="async" class="aligncenter size-medium wp-image-173" src="http://lafermedortalissa.fr/wp-content/uploads/2017/12/plants-de-framboisiers-225x300.jpg" alt="plants de frmboisiers" width="225" height="300" srcset="https://lafermedortalissa.fr/wp-content/uploads/2017/12/plants-de-framboisiers-225x300.jpg 225w, https://lafermedortalissa.fr/wp-content/uploads/2017/12/plants-de-framboisiers.jpg 450w" sizes="auto, (max-width: 225px) 100vw, 225px" /></p>
</div><div class="col-md-3">
<p><img loading="lazy" decoding="async" class="aligncenter size-medium wp-image-170" src="http://lafermedortalissa.fr/wp-content/uploads/2017/12/fraisiers-plants-225x300.jpg" alt="plants de fraisiers" width="225" height="300" srcset="https://lafermedortalissa.fr/wp-content/uploads/2017/12/fraisiers-plants-225x300.jpg 225w, https://lafermedortalissa.fr/wp-content/uploads/2017/12/fraisiers-plants-768x1024.jpg 768w, https://lafermedortalissa.fr/wp-content/uploads/2017/12/fraisiers-plants.jpg 1404w" sizes="auto, (max-width: 225px) 100vw, 225px" /></p>
</div><div class="col-md-3">
<p><img loading="lazy" decoding="async" class="aligncenter size-medium wp-image-184" src="http://lafermedortalissa.fr/wp-content/uploads/2017/12/100_2429-225x300.jpg" alt="artichaut" width="225" height="300" srcset="https://lafermedortalissa.fr/wp-content/uploads/2017/12/100_2429-225x300.jpg 225w, https://lafermedortalissa.fr/wp-content/uploads/2017/12/100_2429-768x1024.jpg 768w, https://lafermedortalissa.fr/wp-content/uploads/2017/12/100_2429.jpg 1932w" sizes="auto, (max-width: 225px) 100vw, 225px" /></p>
</div></div>
<div class="hrule clearfix"></div>
<div> </div>


<p></p>

<p>  A partir du 28 mars étal de légumes à la ferme à Uzeste tous les vendredis et samedis toute la journée de 9h à 18h Pour information, les quantités de légumes sont limitées et il est possible que l&rsquo;étal &hellip; <a href="https://lafermedortalissa.fr/index.php/nos-produits/">Lire la suite­­</a></p>
