{"id":143,"date":"2018-01-25T16:46:53","date_gmt":"2018-01-25T15:46:53","guid":{"rendered":"http:\/\/lafermedortalissa.fr\/?page_id=143"},"modified":"2026-09-02T17:56:07","modified_gmt":"2026-09-02T15:56:07","slug":"acceuil","status":"publish","type":"page","link":"https:\/\/lafermedortalissa.fr\/","title":{"rendered":"Accueil"},"content":{"rendered":"<h1><span style=\"color: #ffffff;\"> Ferme p\u00e9pini\u00e8re de plants bio petits fruits, aromatiques,\u00a0 l\u00e9gumes, fleurs, arbustes et arbres\u00a0 &#8211; producteurs locaux du Sud Gironde Uzeste<\/span><\/h1>\n<div class=\"row\"> <div class=\"col-md-4\">\n<h2><img loading=\"lazy\" decoding=\"async\" class=\"aligncenter size-medium wp-image-217\" src=\"http:\/\/lafermedortalissa.fr\/wp-content\/uploads\/2018\/01\/lou-et-dorian-bis-300x300.jpg\" alt=\"lou et dorian\" width=\"300\" height=\"300\" \/><\/h2>\n<h2 style=\"text-align: center;\">Une ferme familiale<\/h2>\n<p style=\"text-align: center;\"><span style=\"font-family: arial, helvetica, sans-serif; font-size: 12pt;\">C&rsquo;est \u00e0 deux pas du bourg d&rsquo;Uzeste que Lou et Dorian ont cr\u00e9\u00e9 la ferme d&rsquo;Ortalissa \u00e0 leur fa\u00e7on : simple et \u00e0 taille humaine. C&rsquo;est au milieu des bois que nous cultivons des plants bio pour vos jardins.\u00a0 <\/span><span style=\"text-decoration: underline; color: #008000;\"><a style=\"color: #008000; text-decoration: underline;\" href=\"http:\/\/lafermedortalissa.fr\/index.php\/qui-sommes-nous\/\"><span style=\"font-family: arial, helvetica, sans-serif; font-size: 12pt;\">En savoir plus sur nous<\/span><\/a><\/span><\/p>\n<\/div><div class=\"col-md-4\">\n<h2><img loading=\"lazy\" decoding=\"async\" class=\"aligncenter size-medium wp-image-216\" src=\"http:\/\/lafermedortalissa.fr\/wp-content\/uploads\/2018\/01\/chenille-carotte-300x300.jpg\" alt=\"chenille carotte\" width=\"300\" height=\"300\" \/><\/h2>\n<h2 style=\"text-align: center;\">Une production biologique<\/h2>\n<p style=\"text-align: center;\"><span style=\"font-family: arial, helvetica, sans-serif; font-size: 12pt;\">A la ferme d&rsquo;Ortalissa, tout est produit en agriculture biologique. Au del\u00e0 du bio, nous accordons une grande importance au respect du vivant. Vous voulez en voir davantage : <span style=\"color: #008000;\"><a style=\"color: #008000;\" href=\"http:\/\/lafermedortalissa.fr\/index.php\/la-ferme-en-images\/\"><span style=\"text-decoration: underline;\">La ferme en images<\/span><\/a><\/span><\/span><\/p>\n<\/div><div class=\"col-md-4\">\n<h2><img loading=\"lazy\" decoding=\"async\" class=\"aligncenter size-medium wp-image-1127\" src=\"http:\/\/lafermedortalissa.fr\/wp-content\/uploads\/2023\/05\/tomates-1-221x300.jpg\" alt=\"\" width=\"221\" height=\"300\" srcset=\"https:\/\/lafermedortalissa.fr\/wp-content\/uploads\/2023\/05\/tomates-1-221x300.jpg 221w, https:\/\/lafermedortalissa.fr\/wp-content\/uploads\/2023\/05\/tomates-1.jpg 605w\" sizes=\"auto, (max-width: 221px) 100vw, 221px\" \/><\/h2>\n<h2 style=\"text-align: center;\">P\u00e9pini\u00e8re de plants<\/h2>\n<p style=\"text-align: center;\"><span style=\"font-family: arial, helvetica, sans-serif; font-size: 12pt;\">Depuis plus de 10 ans, nous produisons avec amour des plants mara\u00eechers. Au fil du temps, nous nous sommes diversifi\u00e9s pour proposer aux particuliers une grande vari\u00e9t\u00e9 de plantes pour leur jardin.\u00a0<span style=\"color: #008000;\"><a style=\"color: #008000;\" href=\"http:\/\/lafermedortalissa.fr\/index.php\/la-pepiniere-et-les-rencontres-2\/\"><span style=\"text-decoration: underline;\">D\u00e9couvrir nos plantes \u00e0 vendre<\/span><\/a><\/span><\/span><\/p>\n<\/div><\/div>\n<div class=\"hrule clearfix\"><\/div>\n<h1 dir=\"auto\" style=\"text-align: center;\"><span style=\"color: #008000;\"><strong>Reprise de la ferme pour l&rsquo;automne!<\/strong><\/span><\/h1>\n<p dir=\"auto\" style=\"text-align: center;\"><span style=\"font-family: arial, helvetica, sans-serif;\"><span style=\"font-size: 21.3333px;\">Ouvertures de la ferme d&rsquo;Ortalissa en septembre :<\/span><\/span><\/p>\n<p dir=\"auto\" style=\"text-align: center;\"><span style=\"font-family: arial, helvetica, sans-serif; font-size: 20pt;\">Ouverture de la ferme<strong><span style=\"color: #ff6600;\"> vendredi 11 septembre<\/span><\/strong>\u00a0de 9h \u00e0 18h<\/span><\/p>\n<p dir=\"auto\" style=\"text-align: center;\"><span style=\"font-family: arial, helvetica, sans-serif; font-size: 20pt;\">Ouverture sp\u00e9ciale du livre ouvert <strong><span style=\"color: #ff6600;\">dimanche 13 septembre<\/span> <\/strong>de 11h \u00e0 12h30<\/span><\/p>\n<p dir=\"auto\" style=\"text-align: center;\"><span style=\"font-family: arial, helvetica, sans-serif;\"><span style=\"font-size: 21.3333px;\">Pour conna\u00eetre nos prochaines jours d&rsquo;ouverture, n&rsquo;h\u00e9sitez pas \u00e0 vous inscrire \u00e0 notre lettre d&rsquo;information en inscrivant votre mail au bas de la page de notre site \ud83d\udc47<\/span><\/span><\/p>\n<p dir=\"auto\" style=\"text-align: center;\"><span style=\"font-family: arial, helvetica, sans-serif;\"><span style=\"font-size: 21.3333px;\">Rappel : Durant le printemps, la p\u00e9pini\u00e8re est ouverte le vendredi, samedi et dimanche matin.<\/span><\/span><\/p>\n<p dir=\"auto\">\u00a0<\/p>\n<blockquote>\n<div dir=\"ltr\">\n<table class=\"yiv8124199009nl2go-body-table\" role=\"presentation\" border=\"0\" width=\"100%\" cellspacing=\"0\" cellpadding=\"0\">\n<tbody>\n<tr>\n<td>\n<table class=\"yiv8124199009r0-o\" role=\"presentation\" border=\"0\" width=\"590\" cellspacing=\"0\" cellpadding=\"0\" align=\"center\">\n<tbody>\n<tr>\n<td class=\"yiv8124199009r1-i\" valign=\"top\">\n<table class=\"yiv8124199009r2-o\" role=\"presentation\" border=\"0\" width=\"100%\" cellspacing=\"0\" cellpadding=\"0\" align=\"center\">\n<tbody>\n<tr>\n<td class=\"yiv8124199009r13-i\">\n<table role=\"presentation\" border=\"0\" width=\"100%\" cellspacing=\"0\" cellpadding=\"0\">\n<tbody>\n<tr>\n<th class=\"yiv8124199009r3-c\" valign=\"top\" width=\"60%\">\n<table class=\"yiv8124199009r4-o\" role=\"presentation\" border=\"0\" width=\"100%\" cellspacing=\"0\" cellpadding=\"0\">\n<tbody>\n<tr>\n<td class=\"yiv8124199009r11-i\" valign=\"top\">\n<table role=\"presentation\" border=\"0\" width=\"100%\" cellspacing=\"0\" cellpadding=\"0\">\n<tbody>\n<tr>\n<td class=\"yiv8124199009r17-c\" align=\"left\">\n<table class=\"yiv8124199009r18-o\" role=\"presentation\" border=\"0\" width=\"100%\" cellspacing=\"0\" cellpadding=\"0\">\n<tbody>\n<tr>\n<td class=\"yiv8124199009r19-i yiv8124199009nl2go-default-textstyle\" align=\"left\" valign=\"top\">\n<div>\n<p><strong><span style=\"font-family: arial, helvetica, sans-serif; font-size: 16pt; color: #ff6600;\">Pommes<\/span>\u00a0<\/strong><\/p>\n<\/div>\n<\/td>\n<\/tr>\n<tr class=\"yiv8124199009nl2go-responsive-hide\">\n<td height=\"10\">\u00ad<\/td>\n<\/tr>\n<\/tbody>\n<\/table>\n<\/td>\n<\/tr>\n<tr>\n<td class=\"yiv8124199009r20-c yiv8124199009nl2go-default-textstyle\" align=\"left\">\n<div>\n<p><span style=\"font-family: arial, helvetica, sans-serif;\">Ca y est, l&rsquo;heure de la rentr\u00e9e a sonn\u00e9 et c&rsquo;est le retour des d\u00e9licieuses pommes \u00e0 la ferme d&rsquo;Ortalissa. Comme les autres ann\u00e9es, elles sont \u00e0 commander \u00e0 l&rsquo;avance.\u00a0<\/span><\/p>\n<p><span style=\"font-family: arial, helvetica, sans-serif;\">Pour cette premi\u00e8re semaine, on vous propose des pommes Rougelle, petites pommes rouges juteuses et tr\u00e8s parfum\u00e9es !<\/span><\/p>\n<p><span style=\"font-family: arial, helvetica, sans-serif;\">1 cagette de 14 kilos : 38\u20ac<\/span><\/p>\n<p><span style=\"font-family: arial, helvetica, sans-serif;\">1 demi cagette de 7 kilos : 19\u20ac<\/span><\/p>\n<p><span style=\"font-family: arial, helvetica, sans-serif;\"><strong>A r\u00e9server en envoyant un mail \u00e0 lafermedortalissa@gmail.com avant le samedi 5 septembre.\u00a0<\/strong><\/span><\/p>\n<p><span style=\"font-family: arial, helvetica, sans-serif;\">Faites-le de suite, \u00e7a vous \u00e9vitera d&rsquo;oublier \ud83d\ude09<\/span><\/p>\n<p><span style=\"font-family: arial, helvetica, sans-serif;\">Vous pourrez venir r\u00e9cup\u00e9rer vos pommes le vendredi 11 septembre de 9h \u00e0 18h, ou le dimanche 13 septembre en m\u00eame temps que le livre ouvert (voir ci-dessous).<\/span><\/p>\n<\/div>\n<\/td>\n<\/tr>\n<\/tbody>\n<\/table>\n<\/td>\n<\/tr>\n<\/tbody>\n<\/table>\n<\/th>\n<\/tr>\n<\/tbody>\n<\/table>\n<\/td>\n<\/tr>\n<\/tbody>\n<\/table>\n<\/td>\n<\/tr>\n<\/tbody>\n<\/table>\n<\/td>\n<\/tr>\n<\/tbody>\n<\/table>\n<\/div>\n<\/blockquote>\n<p><span style=\"font-size: 14pt; color: initial; font-family: arial, helvetica, sans-serif;\">Pour en savoir plus sur la p\u00e9pini\u00e8re : plants bio de l\u00e9gumes, aromatiques, petits fruits, fleurs, arbustes et arbres, <span style=\"text-decoration: underline;\"><span style=\"color: #008000; text-decoration: underline;\"><a style=\"color: #008000; text-decoration: underline;\" href=\"https:\/\/lafermedortalissa.fr\/index.php\/la-pepiniere-et-les-rencontres-2\/\">cliquez ici !<\/a><\/span><\/span><\/span><\/p>\n<p><span style=\"color: #000000; font-size: 14pt; font-family: arial, helvetica, sans-serif;\">Pour tout savoir sur <a style=\"color: #000000; text-decoration: underline;\" href=\"http:\/\/lafermedortalissa.fr\/index.php\/les-rencontres\/\">nos visites de ferme, ateliers, portes ouvertes, <span style=\"color: #008000; text-decoration: underline;\">cliquez ici!<\/span><\/a><\/span><\/p>\n<p style=\"text-align: left;\"><span style=\"color: #000000; background-color: #ffffff; font-size: 14pt; font-family: arial, helvetica, sans-serif;\"><span style=\"background-color: #ffffff;\"><span style=\"background-color: #ffffff;\">ATTENTION : Le chemin de Gassion pour acc\u00e9der \u00e0 la ferme est en sens unique. Pour venir nous voir, au carrefour de la coll\u00e9giale d&rsquo;Uzeste, prendre la direction de Bazas et tourner \u00e0 droite au chemin de Gassion. Des panneaux avec le logo de la ferme indiquent le chemin.<\/span><\/span><\/span><\/p>\n<p><img loading=\"lazy\" decoding=\"async\" class=\"aligncenter size-medium wp-image-654\" src=\"http:\/\/lafermedortalissa.fr\/wp-content\/uploads\/2020\/03\/aubergine-dorian-300x300.png\" alt=\"\" width=\"300\" height=\"300\" srcset=\"https:\/\/lafermedortalissa.fr\/wp-content\/uploads\/2020\/03\/aubergine-dorian-300x300.png 300w, https:\/\/lafermedortalissa.fr\/wp-content\/uploads\/2020\/03\/aubergine-dorian-1024x1024.png 1024w, https:\/\/lafermedortalissa.fr\/wp-content\/uploads\/2020\/03\/aubergine-dorian-150x150.png 150w, https:\/\/lafermedortalissa.fr\/wp-content\/uploads\/2020\/03\/aubergine-dorian-768x767.png 768w, https:\/\/lafermedortalissa.fr\/wp-content\/uploads\/2020\/03\/aubergine-dorian-1536x1536.png 1536w, https:\/\/lafermedortalissa.fr\/wp-content\/uploads\/2020\/03\/aubergine-dorian-2048x2046.png 2048w\" sizes=\"auto, (max-width: 300px) 100vw, 300px\" \/><\/p>\n<hr \/>\n<p dir=\"auto\" style=\"text-align: center;\"><span class=\"x3nfvp2 x1j61x8r x1fcty0u xdj266r xhhsvwb xat24cr xgzva0m xxymvpz xlup9mm x1kky2od\"><img loading=\"lazy\" decoding=\"async\" class=\"aligncenter size-full wp-image-1134\" src=\"http:\/\/lafermedortalissa.fr\/wp-content\/uploads\/2023\/06\/cb.jpg\" alt=\"\" width=\"261\" height=\"193\" \/><\/span><\/p>\n\n\n<blockquote class=\"wp-block-quote arial is-layout-flow wp-block-quote-is-layout-flow\">\n<p class=\"has-text-align-center\">Attention : nous ne prenons pas la carte bleue. R\u00e8glement par ch\u00e8que ou esp\u00e8ces.<\/p>\n<\/blockquote>\n\n\n\n<p><\/p>\n","protected":false},"excerpt":{"rendered":"<p>Ferme p\u00e9pini\u00e8re de plants bio petits fruits, aromatiques,\u00a0 l\u00e9gumes, fleurs, arbustes et arbres\u00a0 &#8211; producteurs locaux du Sud Gironde Uzeste Reprise de la ferme pour l&rsquo;automne! Ouvertures de la ferme d&rsquo;Ortalissa en septembre : Ouverture de la ferme vendredi 11 &hellip; <a href=\"https:\/\/lafermedortalissa.fr\/\">Lire la suite\u00ad\u00ad<\/a><\/p>\n","protected":false},"author":1,"featured_media":0,"parent":0,"menu_order":0,"comment_status":"closed","ping_status":"closed","template":"","meta":{"_exactmetrics_skip_tracking":false,"_exactmetrics_sitenote_active":false,"_exactmetrics_sitenote_note":"","_exactmetrics_sitenote_category":0,"footnotes":""},"class_list":["post-143","page","type-page","status-publish","hentry"],"_links":{"self":[{"href":"https:\/\/lafermedortalissa.fr\/index.php\/wp-json\/wp\/v2\/pages\/143","targetHints":{"allow":["GET"]}}],"collection":[{"href":"https:\/\/lafermedortalissa.fr\/index.php\/wp-json\/wp\/v2\/pages"}],"about":[{"href":"https:\/\/lafermedortalissa.fr\/index.php\/wp-json\/wp\/v2\/types\/page"}],"author":[{"embeddable":true,"href":"https:\/\/lafermedortalissa.fr\/index.php\/wp-json\/wp\/v2\/users\/1"}],"replies":[{"embeddable":true,"href":"https:\/\/lafermedortalissa.fr\/index.php\/wp-json\/wp\/v2\/comments?post=143"}],"version-history":[{"count":385,"href":"https:\/\/lafermedortalissa.fr\/index.php\/wp-json\/wp\/v2\/pages\/143\/revisions"}],"predecessor-version":[{"id":1569,"href":"https:\/\/lafermedortalissa.fr\/index.php\/wp-json\/wp\/v2\/pages\/143\/revisions\/1569"}],"wp:attachment":[{"href":"https:\/\/lafermedortalissa.fr\/index.php\/wp-json\/wp\/v2\/media?parent=143"}],"curies":[{"name":"wp","href":"https:\/\/api.w.org\/{rel}","templated":true}]}}

<h1><span style="color: #ffffff;"> Ferme pépinière de plants bio petits fruits, aromatiques,  légumes, fleurs, arbustes et arbres  &#8211; producteurs locaux du Sud Gironde Uzeste</span></h1>
<div class="row"> <div class="col-md-4">
<h2><img loading="lazy" decoding="async" class="aligncenter size-medium wp-image-217" src="http://lafermedortalissa.fr/wp-content/uploads/2018/01/lou-et-dorian-bis-300x300.jpg" alt="lou et dorian" width="300" height="300" /></h2>
<h2 style="text-align: center;">Une ferme familiale</h2>
<p style="text-align: center;"><span style="font-family: arial, helvetica, sans-serif; font-size: 12pt;">C&rsquo;est à deux pas du bourg d&rsquo;Uzeste que Lou et Dorian ont créé la ferme d&rsquo;Ortalissa à leur façon : simple et à taille humaine. C&rsquo;est au milieu des bois que nous cultivons des plants bio pour vos jardins.  </span><span style="text-decoration: underline; color: #008000;"><a style="color: #008000; text-decoration: underline;" href="http://lafermedortalissa.fr/index.php/qui-sommes-nous/"><span style="font-family: arial, helvetica, sans-serif; font-size: 12pt;">En savoir plus sur nous</span></a></span></p>
</div><div class="col-md-4">
<h2><img loading="lazy" decoding="async" class="aligncenter size-medium wp-image-216" src="http://lafermedortalissa.fr/wp-content/uploads/2018/01/chenille-carotte-300x300.jpg" alt="chenille carotte" width="300" height="300" /></h2>
<h2 style="text-align: center;">Une production biologique</h2>
<p style="text-align: center;"><span style="font-family: arial, helvetica, sans-serif; font-size: 12pt;">A la ferme d&rsquo;Ortalissa, tout est produit en agriculture biologique. Au delà du bio, nous accordons une grande importance au respect du vivant. Vous voulez en voir davantage : <span style="color: #008000;"><a style="color: #008000;" href="http://lafermedortalissa.fr/index.php/la-ferme-en-images/"><span style="text-decoration: underline;">La ferme en images</span></a></span></span></p>
</div><div class="col-md-4">
<h2><img loading="lazy" decoding="async" class="aligncenter size-medium wp-image-1127" src="http://lafermedortalissa.fr/wp-content/uploads/2023/05/tomates-1-221x300.jpg" alt="" width="221" height="300" srcset="https://lafermedortalissa.fr/wp-content/uploads/2023/05/tomates-1-221x300.jpg 221w, https://lafermedortalissa.fr/wp-content/uploads/2023/05/tomates-1.jpg 605w" sizes="auto, (max-width: 221px) 100vw, 221px" /></h2>
<h2 style="text-align: center;">Pépinière de plants</h2>
<p style="text-align: center;"><span style="font-family: arial, helvetica, sans-serif; font-size: 12pt;">Depuis plus de 10 ans, nous produisons avec amour des plants maraîchers. Au fil du temps, nous nous sommes diversifiés pour proposer aux particuliers une grande variété de plantes pour leur jardin. <span style="color: #008000;"><a style="color: #008000;" href="http://lafermedortalissa.fr/index.php/la-pepiniere-et-les-rencontres-2/"><span style="text-decoration: underline;">Découvrir nos plantes à vendre</span></a></span></span></p>
</div></div>
<div class="hrule clearfix"></div>
<h1 dir="auto" style="text-align: center;"><span style="color: #008000;"><strong>Reprise de la ferme pour l&rsquo;automne!</strong></span></h1>
<p dir="auto" style="text-align: center;"><span style="font-family: arial, helvetica, sans-serif;"><span style="font-size: 21.3333px;">Ouvertures de la ferme d&rsquo;Ortalissa en septembre :</span></span></p>
<p dir="auto" style="text-align: center;"><span style="font-family: arial, helvetica, sans-serif; font-size: 20pt;">Ouverture de la ferme<strong><span style="color: #ff6600;"> vendredi 11 septembre</span></strong> de 9h à 18h</span></p>
<p dir="auto" style="text-align: center;"><span style="font-family: arial, helvetica, sans-serif; font-size: 20pt;">Ouverture spéciale du livre ouvert <strong><span style="color: #ff6600;">dimanche 13 septembre</span> </strong>de 11h à 12h30</span></p>
<p dir="auto" style="text-align: center;"><span style="font-family: arial, helvetica, sans-serif;"><span style="font-size: 21.3333px;">Pour connaître nos prochaines jours d&rsquo;ouverture, n&rsquo;hésitez pas à vous inscrire à notre lettre d&rsquo;information en inscrivant votre mail au bas de la page de notre site 👇</span></span></p>
<p dir="auto" style="text-align: center;"><span style="font-family: arial, helvetica, sans-serif;"><span style="font-size: 21.3333px;">Rappel : Durant le printemps, la pépinière est ouverte le vendredi, samedi et dimanche matin.</span></span></p>
<p dir="auto"> </p>
<blockquote>
<div dir="ltr">
<table class="yiv8124199009nl2go-body-table" role="presentation" border="0" width="100%" cellspacing="0" cellpadding="0">
<tbody>
<tr>
<td>
<table class="yiv8124199009r0-o" role="presentation" border="0" width="590" cellspacing="0" cellpadding="0" align="center">
<tbody>
<tr>
<td class="yiv8124199009r1-i" valign="top">
<table class="yiv8124199009r2-o" role="presentation" border="0" width="100%" cellspacing="0" cellpadding="0" align="center">
<tbody>
<tr>
<td class="yiv8124199009r13-i">
<table role="presentation" border="0" width="100%" cellspacing="0" cellpadding="0">
<tbody>
<tr>
<th class="yiv8124199009r3-c" valign="top" width="60%">
<table class="yiv8124199009r4-o" role="presentation" border="0" width="100%" cellspacing="0" cellpadding="0">
<tbody>
<tr>
<td class="yiv8124199009r11-i" valign="top">
<table role="presentation" border="0" width="100%" cellspacing="0" cellpadding="0">
<tbody>
<tr>
<td class="yiv8124199009r17-c" align="left">
<table class="yiv8124199009r18-o" role="presentation" border="0" width="100%" cellspacing="0" cellpadding="0">
<tbody>
<tr>
<td class="yiv8124199009r19-i yiv8124199009nl2go-default-textstyle" align="left" valign="top">
<div>
<p><strong><span style="font-family: arial, helvetica, sans-serif; font-size: 16pt; color: #ff6600;">Pommes</span> </strong></p>
</div>
</td>
</tr>
<tr class="yiv8124199009nl2go-responsive-hide">
<td height="10">­</td>
</tr>
</tbody>
</table>
</td>
</tr>
<tr>
<td class="yiv8124199009r20-c yiv8124199009nl2go-default-textstyle" align="left">
<div>
<p><span style="font-family: arial, helvetica, sans-serif;">Ca y est, l&rsquo;heure de la rentrée a sonné et c&rsquo;est le retour des délicieuses pommes à la ferme d&rsquo;Ortalissa. Comme les autres années, elles sont à commander à l&rsquo;avance. </span></p>
<p><span style="font-family: arial, helvetica, sans-serif;">Pour cette première semaine, on vous propose des pommes Rougelle, petites pommes rouges juteuses et très parfumées !</span></p>
<p><span style="font-family: arial, helvetica, sans-serif;">1 cagette de 14 kilos : 38€</span></p>
<p><span style="font-family: arial, helvetica, sans-serif;">1 demi cagette de 7 kilos : 19€</span></p>
<p><span style="font-family: arial, helvetica, sans-serif;"><strong>A réserver en envoyant un mail à lafermedortalissa@gmail.com avant le samedi 5 septembre. </strong></span></p>
<p><span style="font-family: arial, helvetica, sans-serif;">Faites-le de suite, ça vous évitera d&rsquo;oublier 😉</span></p>
<p><span style="font-family: arial, helvetica, sans-serif;">Vous pourrez venir récupérer vos pommes le vendredi 11 septembre de 9h à 18h, ou le dimanche 13 septembre en même temps que le livre ouvert (voir ci-dessous).</span></p>
</div>
</td>
</tr>
</tbody>
</table>
</td>
</tr>
</tbody>
</table>
</th>
</tr>
</tbody>
</table>
</td>
</tr>
</tbody>
</table>
</td>
</tr>
</tbody>
</table>
</td>
</tr>
</tbody>
</table>
</div>
</blockquote>
<p><span style="font-size: 14pt; color: initial; font-family: arial, helvetica, sans-serif;">Pour en savoir plus sur la pépinière : plants bio de légumes, aromatiques, petits fruits, fleurs, arbustes et arbres, <span style="text-decoration: underline;"><span style="color: #008000; text-decoration: underline;"><a style="color: #008000; text-decoration: underline;" href="https://lafermedortalissa.fr/index.php/la-pepiniere-et-les-rencontres-2/">cliquez ici !</a></span></span></span></p>
<p><span style="color: #000000; font-size: 14pt; font-family: arial, helvetica, sans-serif;">Pour tout savoir sur <a style="color: #000000; text-decoration: underline;" href="http://lafermedortalissa.fr/index.php/les-rencontres/">nos visites de ferme, ateliers, portes ouvertes, <span style="color: #008000; text-decoration: underline;">cliquez ici!</span></a></span></p>
<p style="text-align: left;"><span style="color: #000000; background-color: #ffffff; font-size: 14pt; font-family: arial, helvetica, sans-serif;"><span style="background-color: #ffffff;"><span style="background-color: #ffffff;">ATTENTION : Le chemin de Gassion pour accéder à la ferme est en sens unique. Pour venir nous voir, au carrefour de la collégiale d&rsquo;Uzeste, prendre la direction de Bazas et tourner à droite au chemin de Gassion. Des panneaux avec le logo de la ferme indiquent le chemin.</span></span></span></p>
<p><img loading="lazy" decoding="async" class="aligncenter size-medium wp-image-654" src="http://lafermedortalissa.fr/wp-content/uploads/2020/03/aubergine-dorian-300x300.png" alt="" width="300" height="300" srcset="https://lafermedortalissa.fr/wp-content/uploads/2020/03/aubergine-dorian-300x300.png 300w, https://lafermedortalissa.fr/wp-content/uploads/2020/03/aubergine-dorian-1024x1024.png 1024w, https://lafermedortalissa.fr/wp-content/uploads/2020/03/aubergine-dorian-150x150.png 150w, https://lafermedortalissa.fr/wp-content/uploads/2020/03/aubergine-dorian-768x767.png 768w, https://lafermedortalissa.fr/wp-content/uploads/2020/03/aubergine-dorian-1536x1536.png 1536w, https://lafermedortalissa.fr/wp-content/uploads/2020/03/aubergine-dorian-2048x2046.png 2048w" sizes="auto, (max-width: 300px) 100vw, 300px" /></p>
<hr />
<p dir="auto" style="text-align: center;"><span class="x3nfvp2 x1j61x8r x1fcty0u xdj266r xhhsvwb xat24cr xgzva0m xxymvpz xlup9mm x1kky2od"><img loading="lazy" decoding="async" class="aligncenter size-full wp-image-1134" src="http://lafermedortalissa.fr/wp-content/uploads/2023/06/cb.jpg" alt="" width="261" height="193" /></span></p>


<blockquote class="wp-block-quote arial is-layout-flow wp-block-quote-is-layout-flow">
<p class="has-text-align-center">Attention : nous ne prenons pas la carte bleue. Règlement par chèque ou espèces.</p>
</blockquote>



<p></p>

<p>Ferme pépinière de plants bio petits fruits, aromatiques,  légumes, fleurs, arbustes et arbres  &#8211; producteurs locaux du Sud Gironde Uzeste Reprise de la ferme pour l&rsquo;automne! Ouvertures de la ferme d&rsquo;Ortalissa en septembre : Ouverture de la ferme vendredi 11 &hellip; <a href="https://lafermedortalissa.fr/">Lire la suite­­</a></p>
